-22)).
8
Let q be 0 - 2 - 14/(-2). Suppose 4 = 4*h, -q*z - 4*h = -h - 163. Let y = 486 - 468. What is the remainder when z is divided by y?
14
Let p = 43 - 29. Suppose o - 72 = -2*v + 3*o, -2*o + 174 = 4*v. Calculate the remainder when v is divided by p.
13
Let m = -25 + 28. Let x = -6 + 17. What is the remainder when x is divided by m?
2
Let i(p) = -p + 1. Let m(c) = -14*c + 2. Let r(o) = 13*o - 2. Let j(b) = 4*m(b) + 6*r(b). What is the remainder when j(1) is divided by i(-10)?
7
Let q(o) = 2*o**3 - o + 28. Let u = -156 - -173. What is the remainder when q(0) is divided by u?
11
Let w be (-1)/4 + (-22)/8. Calculate the remainder when 152 is divided by 2/(-18)*w*93.
28
Suppose -5*d = -4*d - 54. What is the remainder when d is divided by 5?
4
What is the remainder when 65 is divided by (10 - 9)/((-2)/(-68))?
31
Let w(a) = -a**3 - 6*a**2 - 4*a - 6. Let o be w(-5). Let z = -7 - o. What is the remainder when 14 is divided by z?
2
Suppose -384 + 67 = -2*g + 5*j, g - 4*j = 166. Suppose -g = -d - d. Suppose -2*v = 5*u - 101, 0*u = -4*u + v + d. What is the remainder when 56 is divided by u?
18
Suppose 5*b = 4*v - 109, -v + 2 = -b - 26. Suppose 2*q = q + 19. Let c = v - q. Calculate the remainder when c is divided by 7.
5
Calculate the remainder when 1103 is divided by (80/(-12))/(28/(-273)).
63
Suppose -6*c - 1416 = -12*c. Calculate the remainder when c is divided by 7.
5
Let l be (3 - 2)*-1*-5. Suppose -l*i + 30 = -10*i. What is the remainder when (-62)/i - (-36)/(-27) is divided by 6?
3
Suppose -r - 29 + 9 = 0. Let k = -39 - r. Let l = 32 + k. What is the remainder when 51 is divided by l?
12
Suppose d = -3, -3*z - 91 = 4*d - 226. Suppose 295 - 278 = 2*c - 3*x, -c + 4 = -3*x. What is the remainder when z is divided by c?
10
Suppose 5*f + 30 = 7*f. Suppose -2*y + 153 + 39 = 0. Let v = y + -68. Calculate the remainder when v is divided by f.
13
Suppose 15 = -3*r, -113 = 3*t + t - 3*r. Let l = -25 - t. What is the remainder when 12 is divided by l?
5
Suppose 0*z + 2*z = 3*b - 11, -2*z + b = 1. Suppose q + 4*w + 1 = 0, -2*w + 10 = z*q - 0. What is the remainder when q is divided by 4?
3
Suppose 605 = 20*n + 205. Suppose b - 1 = 3. Suppose -p + b*u = 3*u - 4, -1 = 2*p - 5*u. What is the remainder when n is divided by p?
6
Suppose 2*c = y - 70 + 249, -c + 88 = y. Let o = -73 + 180. Suppose 38 = -3*x + o. Calculate the remainder when c is divided by x.
20
Suppose r = -3*r - 4*w + 332, 5*r - w - 433 = 0. Suppose 7 = 3*i + 1. Suppose -i*z = -13 - 31. What is the remainder when r is divided by z?
20
Suppose 2*j = 3*y - 83, 0 = 3*y - 5*j - 48 - 29. Calculate the remainder when 105 is divided by y.
18
Suppose 0 = 4*p + 97*z - 102*z - 1948, 0 = -2*p + z + 974. Calculate the remainder when p is divided by 99.
91
Suppose -24*o = -13*o - 198. Let f(b) = -10*b + 3. What is the remainder when f(-5) is divided by o?
17
Suppose 51 = -3*c + 66. Suppose -c*p = -2*y + 49, 3*p - 83 = -3*y + p. Let k(h) = 3*h - 6. Calculate the remainder when y is divided by k(7).
12
Let m = -971 + 1240. Calculate the remainder when m is divided by 54.
53
Let l(f) = 2*f**2 - 2*f + 1. Suppose 6*x = 10*x - 56. Calculate the remainder when l(-4) is divided by x.
13
Suppose 3*i - 6*i + 3*m = 24, 2*i = 4*m - 18. Let b = 17 + i. Calculate the remainder when 37 is divided by b.
7
Let f(a) = a**2 - 5*a - 66. What is the remainder when f(-8) is divided by 15?
8
Let b(q) = -q**3 - q**2 + 28. What is the remainder when 445 is divided by b(0)?
25
What is the remainder when (-30)/20*(-2*8 - -4) is divided by 15?
3
Let r = 2 - 2. Let t be (256/(-28))/(-4) - (-2)/(-7). Suppose r = t*k + 2*h - 40, -5*k + 90 + 15 = 4*h. Calculate the remainder when 74 is divided by k.
24
Suppose 10 - 187 = -3*j. What is the remainder when 68 is divided by j?
9
Suppose -6 = c - 4*c. Let n = -2 + c. Suppose -26 = -2*h - 5*w, n = 3*h + 2*h - 2*w - 7. Calculate the remainder when 5 is divided by h.
2
Let n = -34 + 97. Suppose -2*u = p - 4, 2*p - 17*u + 12*u = 71. Calculate the remainder when n is divided by p.
9
Let f = 47 + 23. What is the remainder when 244 is divided by f?
34
Calculate the remainder when 852 is divided by 2*(7 - (-186)/12).
42
Let z be ((-3)/(-4))/(6/24). Suppose 40 = -z*y + 187. What is the remainder when y is divided by 22?
5
Let n = -16 + 8. What is the remainder when 167 is divided by 876/21 - n/28?
41
Let s(a) = 3*a - 9. Suppose -2*r + 76 = -4*r. Let k = -27 - r. Calculate the remainder when 93 is divided by s(k).
21
Let h(r) = -43 + r**3 + 4*r**2 + 20 - 4*r + 18. Let g = 41 + -11. What is the remainder when g is divided by h(-2)?
8
Let f = 35 + -21. Let k = 8 + 52. What is the remainder when k is divided by f?
4
Let q(j) = j - 15. Let r be q(12). What is the remainder when (-38 - -14)*r/4 is divided by 10?
8
What is the remainder when 1478 is divided by ((-28)/21)/((-6)/612*8)?
16
Suppose -4*j - 18 = -34. Suppose 0*u - 14 = -4*x + 2*u, 4*u = 4*x - j. Let y(m) = m**2 + 2*m + 1. What is the remainder when y(3) is divided by x?
4
Suppose -3*g - 11 = -17. Suppose 50 = 5*t + v - 405, -2*t - g*v + 182 = 0. What is the remainder when t is divided by 31?
29
Let s(z) = -15*z + 87. Calculate the remainder when s(-13) is divided by 90.
12
What is the remainder when 146 is divided by (2 - (0 - -1))/(1/37)?
35
What is the remainder when 266 is divided by 1/(-4) + (-14 - 3530/(-40))?
44
What is the remainder when ((10052/(-70))/(-1))/(2/5) is divided by 9?
8
Let d be (-1 - 0)/((-5)/35). Let b = d - 7. What is the remainder when 19 is divided by 8 + 0 + -3 + b?
4
Suppose -245 = -8*p + 123. Suppose 3*l + 0*l - 36 = 0. Calculate the remainder when p is divided by l.
10
Suppose 5*h = 29 + 71. Suppose -4*o - h = -6*o. What is the remainder when 18 is divided by o?
8
Suppose -7*o = -7 - 42. Let r = o - -1. Calculate the remainder when r/(9/(459/6)) is divided by 23.
22
Suppose 5*y = m - 58 + 6, -4*m + y = -189. Calculate the remainder when m is divided by 14.
5
Let h(l) = -l**3 - l**2 + 4*l + 9. Calculate the remainder when h(-5) is divided by 24.
17
Let d(g) = -164*g - 51. Calculate the remainder when 448 is divided by d(-1).
109
Let a be (-9)/3 + 108 - 3. Let d(s) = s**3 + 9*s**2 - 10*s + 4. Let w be d(-10). Let m = a - w. Calculate the remainder when m is divided by 25.
23
Suppose -2*q + 424 = -2*y, -5*q - y + 533 = -533. Calculate the remainder when q is divided by 27.
24
Calculate the remainder when 1780 is divided by ((-8)/3 - 1)/(2/(-6)).
9
Calculate the remainder when (85/(-10) - 2)*48/(-9) is divided by 10.
6
What is the remainder when 69 is divided by 43 - (-54)/(48/(-8))?
1
Let a = 2271 + -1292. What is the remainder when a is divided by 35?
34
Suppose -5*a - j = -135, a - j = -4*a + 135. Let k = 36 - a. Let w(i) = 2*i + 10. Calculate the remainder when w(7) is divided by k.
6
Calculate the remainder when 221 is divided by -5*(18/(-5) + -2).
25
Suppose -134 = -7*b + 6*b + 5*y, -4*y - 754 = -5*b. What is the remainder when b is divided by 41?
31
Suppose 0 = 11*n + 4*n - 75. Let r be 0/4 - (-3 + -1). Suppose -n*x = -r*x - 20. What is the remainder when x is divided by 11?
9
Suppose -32*b - 1805 = -7853. What is the remainder when b is divided by 54?
27
Suppose -159 = -2*f - f. Let t(y) be the second derivative of -y**5/20 + 2*y**4/3 + 2*y**3/3 - 2*y**2 + 2*y. Calculate the remainder when f is divided by t(8).
25
Let g(h) = -5*h - 5. Let y be g(-2). Suppose j + y*x - 50 = -3*j, -53 = -3*j + 4*x. Calculate the remainder when 43 is divided by j.
13
Suppose q - 4*r - 45 = 0, 3*q - 12*r = -14*r + 79. Calculate the remainder when q is divided by 15.
14
Let i(g) = -8*g - 6. Suppose -3*r + 6*f - f + 8 = 0, -12 = -r + 4*f. Let d(u) = -u**3 + 5*u**2 - 4*u + 27. What is the remainder when i(r) is divided by d(5)?
5
Let x be 1*((-2)/(-7) - 439/(-7)). Suppose -x*c = -66*c + 21. Calculate the remainder when c is divided by 2.
1
Suppose 5*n - 48 = -3. Suppose 6*l = -7 - 29. Let x = l + 30. Calculate the remainder when x is divided by n.
6
What is the remainder when 557 is divided by (-526)/(-6) + (-14)/21 - 7?
77
Suppose 5*s - 979 = 4*r, -4*r - 255 + 836 = 3*s. Suppose -s = -5*o + 120. Calculate the remainder when o is divided by 18.
9
Suppose 0 = 3*q - 55 - 17. Suppose -h = h - q. Calculate the remainder when 47 is divi